{"id":67,"date":"2018-07-31T13:28:32","date_gmt":"2018-07-31T13:28:32","guid":{"rendered":"http:\/\/times.ces.uc.pt\/?page_id=67"},"modified":"2021-12-31T14:09:57","modified_gmt":"2021-12-31T14:09:57","slug":"equipa","status":"publish","type":"page","link":"https:\/\/times.ces.uc.pt\/?page_id=67","title":{"rendered":"Equipa"},"content":{"rendered":"<p>A equipa do projeto \u00e9 multidisciplinar, abrangendo a sociologia, o direito, a economia e a gest\u00e3o e tem investigado nos campos do terceiro sector, economia social, cooperativismo, gest\u00e3o e qualidade no terceiro sector, <em>welfare mix<\/em>, inova\u00e7\u00e3o empreendedorismo social, direito cooperativo, empresas sociais, inova\u00e7\u00e3o e desenvolvimento territorial.<\/p>\n<p><a id=\"silviaferreira\"><\/a><strong>S\u00edlvia Ferreira (Investigadora Principal)<\/strong><\/p>\n<p><img decoding=\"async\" loading=\"lazy\" class=\"alignleft wp-image-188 size-thumbnail\" src=\"https:\/\/times.ces.uc.pt\/wp-content\/uploads\/Times-CES-Foto-Silvia1-150x150.jpg\" alt=\"\" width=\"150\" height=\"150\" srcset=\"https:\/\/times.ces.uc.pt\/wp-content\/uploads\/Times-CES-Foto-Silvia1-150x150.jpg 150w, https:\/\/times.ces.uc.pt\/wp-content\/uploads\/Times-CES-Foto-Silvia1-300x300.jpg 300w, https:\/\/times.ces.uc.pt\/wp-content\/uploads\/Times-CES-Foto-Silvia1-70x70.jpg 70w, https:\/\/times.ces.uc.pt\/wp-content\/uploads\/Times-CES-Foto-Silvia1-127x127.jpg 127w, https:\/\/times.ces.uc.pt\/wp-content\/uploads\/Times-CES-Foto-Silvia1-125x125.jpg 125w, https:\/\/times.ces.uc.pt\/wp-content\/uploads\/Times-CES-Foto-Silvia1.jpg 400w\" sizes=\"(max-width: 150px) 100vw, 150px\" \/>S\u00edlvia Ferreira \u00e9 doutorada em Sociologia pela Universidade de Lancaster (RU), \u00e9 professora auxiliar em Sociologia, na Faculdade de Economia da Universidade de Coimbra, e \u00e9 investigadora do Centro de Estudos Sociais e do Centro de Estudos Cooperativos e da Economia Social da FEUC. \u00c9 cocoordenadora do programa de Mestrado em Interven\u00e7\u00e3o Social, Inova\u00e7\u00e3o e Empreendedorismo. \u00c9 membro da dire\u00e7\u00e3o da EMES \u2013 International Research Network.<\/p>\n<p>A sua investiga\u00e7\u00e3o tem focado a reforma da seguran\u00e7a social, o terceiro sector e as pol\u00edticas sociais, o papel das organiza\u00e7\u00f5es do terceiro sector na promo\u00e7\u00e3o da igualdade entre sexos, empreendedorismo social e inova\u00e7\u00e3o social na economia social e solid\u00e1ria, empresas sociais, voluntariado e a governa\u00e7\u00e3o atrav\u00e9s de parcerias locais Estado\/terceiro sector. Participa atualmente em v\u00e1rios projetos sobre empresas sociais, economia social e solid\u00e1ria e inova\u00e7\u00e3o social, nomeadamente \u00e9 coordenadora da COST Action \u00a0<em>EMPOWER-SE &#8211; Empowering the Next Generation of Social Enterprise Scholars.<\/em><\/p>\n<p><a href=\"https:\/\/www.ces.uc.pt\/pt\/ces\/pessoas\/investigadoras-es\/silvia-ferreira\">CV completo<\/a>\u00a0|\u00a0\u00a0<a href=\"https:\/\/www.researchgate.net\/profile\/Silvia_Ferreira\/contributions\">Research Gate<\/a><\/p>\n<p><a id=\"hugopinto\"><\/a><strong>Hugo Pinto (Co-Investigador Principal)<\/strong><\/p>\n<p><img decoding=\"async\" loading=\"lazy\" class=\"alignleft wp-image-189 size-thumbnail\" src=\"https:\/\/times.ces.uc.pt\/wp-content\/uploads\/Times-CES-Hugo-Pinto-150x150.jpg\" alt=\"\" width=\"150\" height=\"150\" srcset=\"https:\/\/times.ces.uc.pt\/wp-content\/uploads\/Times-CES-Hugo-Pinto-150x150.jpg 150w, https:\/\/times.ces.uc.pt\/wp-content\/uploads\/Times-CES-Hugo-Pinto-300x300.jpg 300w, https:\/\/times.ces.uc.pt\/wp-content\/uploads\/Times-CES-Hugo-Pinto-70x70.jpg 70w, https:\/\/times.ces.uc.pt\/wp-content\/uploads\/Times-CES-Hugo-Pinto-127x127.jpg 127w, https:\/\/times.ces.uc.pt\/wp-content\/uploads\/Times-CES-Hugo-Pinto-125x125.jpg 125w, https:\/\/times.ces.uc.pt\/wp-content\/uploads\/Times-CES-Hugo-Pinto.jpg 400w\" sizes=\"(max-width: 150px) 100vw, 150px\" \/>Economista, doutorado em Governa\u00e7\u00e3o, Conhecimento e Inova\u00e7\u00e3o, da Universidade de Coimbra, Mestre em Economia Regional e Desenvolvimento Local e licenciado em Economia da Universidade do Algarve. Investigador do Centro de Estudos Sociais da Universidade de Coimbra (CES) e Professor Auxiliar convidado na Faculdade de Economia da Universidade do Algarve. Os seus principais interesses de investiga\u00e7\u00e3o s\u00e3o o desenvolvimento e resili\u00eancia regional, os sistemas de inova\u00e7\u00e3o, a transfer\u00eancia de conhecimento e o papel das universidades. Tamb\u00e9m interessado na discuss\u00e3o da Economia enquanto ci\u00eancia e na turbul\u00eancia econ\u00f3mica. Coordenou e participou em v\u00e1rios projetos de investiga\u00e7\u00e3o e de avalia\u00e7\u00e3o de pol\u00edticas p\u00fablicas, estando envolvido em v\u00e1rias iniciativas relacionadas com as estrat\u00e9gias de especializa\u00e7\u00e3o inteligente. Coordenou e participou em v\u00e1rios projetos de I&amp;D e de avalia\u00e7\u00e3o, ando envolvido em v\u00e1rias iniciativas relacionadas com a \u201cespecializa\u00e7\u00e3o inteligente\u201d.<\/p>\n<p>A sua investiga\u00e7\u00e3o recente inclui \u201cInnovation in SMEs and Micro Firms\u201d (Routledge, 2018) e \u201cResilience, Crisis and Innovation Dynamics\u201d (Edward Elgar, 2018).<\/p>\n<p><a href=\"https:\/\/www.ces.uc.pt\/pt\/ces\/pessoas\/investigadoras-es\/hugo-pinto\/apresentacao\">CV completo<\/a>\u00a0 |\u00a0\u00a0<a href=\"https:\/\/www.mendeley.com\/profiles\/hugo-pinto4\/\">Mendeley<\/a><\/p>\n<p><a id=\"patriciamourasa\"><\/a><strong>Patr\u00edcia Moura S\u00e1 (Investigadora)<br \/>\n<\/strong><\/p>\n<p><img decoding=\"async\" loading=\"lazy\" class=\"alignleft wp-image-191 size-thumbnail\" src=\"https:\/\/times.ces.uc.pt\/wp-content\/uploads\/Times-CES-Patricia-Moura-e-S\u00e1-150x150.png\" alt=\"\" width=\"150\" height=\"150\" srcset=\"https:\/\/times.ces.uc.pt\/wp-content\/uploads\/Times-CES-Patricia-Moura-e-S\u00e1-150x150.png 150w, https:\/\/times.ces.uc.pt\/wp-content\/uploads\/Times-CES-Patricia-Moura-e-S\u00e1-300x300.png 300w, https:\/\/times.ces.uc.pt\/wp-content\/uploads\/Times-CES-Patricia-Moura-e-S\u00e1-70x70.png 70w, https:\/\/times.ces.uc.pt\/wp-content\/uploads\/Times-CES-Patricia-Moura-e-S\u00e1-127x127.png 127w, https:\/\/times.ces.uc.pt\/wp-content\/uploads\/Times-CES-Patricia-Moura-e-S\u00e1-125x125.png 125w, https:\/\/times.ces.uc.pt\/wp-content\/uploads\/Times-CES-Patricia-Moura-e-S\u00e1.png 400w\" sizes=\"(max-width: 150px) 100vw, 150px\" \/><\/p>\n<p>Doutorada em Gest\u00e3o pela Sheffield Hallam University, no Reino Unido, \u00e9 professora associada com agrega\u00e7\u00e3o da FEUC, sendo tamb\u00e9m investigadora no CICP \u2013 Centro de Investiga\u00e7\u00e3o em Ci\u00eancia Pol\u00edtica, colaboradora do Centre for Business and Economics Research (CeBER) da Universidade de Coimbra e membro do Centro de Estudos Cooperativos e da Economia Social da FEUC. \u00c9 atualmente subdiretora da Faculdade de Economia da Universidade de Coimbra. As suas \u00e1reas de investiga\u00e7\u00e3o s\u00e3o qualidade em servi\u00e7os, qualidade na administra\u00e7\u00e3o p\u00fablica, qualidade e inova\u00e7\u00e3o e modelos de excel\u00eancia e avalia\u00e7\u00e3o organizacional.<\/p>\n<p>As suas publica\u00e7\u00f5es incluem diversos artigos em peri\u00f3dicos internacionais revistos por pares (International Journal of Quality and Service Sciences, Policy Studies, RPER, Technovation, The Services Industries Journal, The TQM Journal, Total Quality Management &amp; Business Excellence, entre outros), bem como entradas de enciclop\u00e9dia e cap\u00edtulos de livros em editores como a Sage e Springer.<\/p>\n<p><a href=\"http:\/\/www.degois.pt\/visualizador\/curriculum.jsp?key=1780222625126910\">CV Completo<\/a>\u00a0| <a href=\"https:\/\/www.researchgate.net\/profile\/Patricia_Moura_Sa\/contributions\">Research Gate<\/a><\/p>\n<p><a id=\"mariaelisabeteramos\"><\/a><strong>Maria Elisabete Ramos (Investigadora)<br \/>\n<\/strong><\/p>\n<p><img decoding=\"async\" loading=\"lazy\" class=\"alignleft wp-image-187 size-thumbnail\" src=\"https:\/\/times.ces.uc.pt\/wp-content\/uploads\/Times-CES-Elisabete-Ramos-150x150.jpg\" alt=\"\" width=\"150\" height=\"150\" srcset=\"https:\/\/times.ces.uc.pt\/wp-content\/uploads\/Times-CES-Elisabete-Ramos-150x150.jpg 150w, https:\/\/times.ces.uc.pt\/wp-content\/uploads\/Times-CES-Elisabete-Ramos-300x300.jpg 300w, https:\/\/times.ces.uc.pt\/wp-content\/uploads\/Times-CES-Elisabete-Ramos-70x70.jpg 70w, https:\/\/times.ces.uc.pt\/wp-content\/uploads\/Times-CES-Elisabete-Ramos-127x127.jpg 127w, https:\/\/times.ces.uc.pt\/wp-content\/uploads\/Times-CES-Elisabete-Ramos-125x125.jpg 125w, https:\/\/times.ces.uc.pt\/wp-content\/uploads\/Times-CES-Elisabete-Ramos.jpg 400w\" sizes=\"(max-width: 150px) 100vw, 150px\" \/>Licenciada em Direito pela Faculdade de Direito de Coimbra. Mestre e Doutora pela mesma Faculdade. Professora Auxiliar da Faculdade de Economia da Universidade de Coimbra onde leciona disciplinas jur\u00eddicas. Membro do Centro de Estudos Cooperativos e da Economia Social da FEUC.\u00a0 Investigadora do Centre for Business and Economics Research (CeBER) da Universidade de Coimbra. As principais \u00e1reas de investiga\u00e7\u00e3o s\u00e3o direito das sociedades, direito dos seguros, direito da concorr\u00eancia. Tem alguns trabalhos dedicados ao direito cooperativo.<\/p>\n<p><a href=\"http:\/\/www.degois.pt\/visualizador\/curriculum.jsp?key=0533856160363577\">CV Completo<\/a><\/p>\n<p><a id=\"teresamaencalima\"><\/a><strong>Teresa Maneca Lima (Investigadora)<br \/>\n<\/strong><\/p>\n<p><img decoding=\"async\" loading=\"lazy\" class=\"alignleft wp-image-192 size-thumbnail\" src=\"https:\/\/times.ces.uc.pt\/wp-content\/uploads\/Times-CES-Teresa-Maneca-150x150.jpg\" alt=\"\" width=\"150\" height=\"150\" srcset=\"https:\/\/times.ces.uc.pt\/wp-content\/uploads\/Times-CES-Teresa-Maneca-150x150.jpg 150w, https:\/\/times.ces.uc.pt\/wp-content\/uploads\/Times-CES-Teresa-Maneca-300x300.jpg 300w, https:\/\/times.ces.uc.pt\/wp-content\/uploads\/Times-CES-Teresa-Maneca-70x70.jpg 70w, https:\/\/times.ces.uc.pt\/wp-content\/uploads\/Times-CES-Teresa-Maneca-127x127.jpg 127w, https:\/\/times.ces.uc.pt\/wp-content\/uploads\/Times-CES-Teresa-Maneca-125x125.jpg 125w, https:\/\/times.ces.uc.pt\/wp-content\/uploads\/Times-CES-Teresa-Maneca.jpg 400w\" sizes=\"(max-width: 150px) 100vw, 150px\" \/>Investigadora do Centro de Estudos Sociais e membro do N\u00facleo de Estudos sobre Democracia, Cidadania e Direito. Doutorou-se em Direito, Justi\u00e7a e Cidadania no s\u00e9culo XXI, da Universidade de Coimbra. No \u00e2mbito da investiga\u00e7\u00e3o desenvolvida no CES, participou em diversos projetos de investiga\u00e7\u00e3o sobre temas como participa\u00e7\u00e3o, rela\u00e7\u00f5es laborais e acesso ao direito. Atualmente, \u00e9 investigadora em p\u00f3s-doutoramento com o projeto \u201cOs acidentes de trabalho e o direito \u00e0 repara\u00e7\u00e3o em Portugal: entre conce\u00e7\u00f5es sociais e entendimentos jurisprudenciais\u201d.<\/p>\n<p>Os seus atuais interesses de investiga\u00e7\u00e3o centram-se nas \u00e1reas do acesso ao direito e \u00e0 justi\u00e7a, dos riscos profissionais e dos direitos humanos no trabalho.<\/p>\n<p><a href=\"https:\/\/www.ces.uc.pt\/pt\/ces\/pessoas\/investigadoras-es\/teresa-maneca-lima\">Perfil<\/a><\/p>\n<p><a id=\"virginiaferreira\"><\/a><strong>Virg\u00ednia Ferreira (Investigadora)<br \/>\n<\/strong><\/p>\n<p><img decoding=\"async\" loading=\"lazy\" class=\"alignleft wp-image-193 size-thumbnail\" src=\"https:\/\/times.ces.uc.pt\/wp-content\/uploads\/Times-CES-Virg\u00ednia-Ferreira-150x150.jpg\" alt=\"\" width=\"150\" height=\"150\" srcset=\"https:\/\/times.ces.uc.pt\/wp-content\/uploads\/Times-CES-Virg\u00ednia-Ferreira-150x150.jpg 150w, https:\/\/times.ces.uc.pt\/wp-content\/uploads\/Times-CES-Virg\u00ednia-Ferreira-300x300.jpg 300w, https:\/\/times.ces.uc.pt\/wp-content\/uploads\/Times-CES-Virg\u00ednia-Ferreira-70x70.jpg 70w, https:\/\/times.ces.uc.pt\/wp-content\/uploads\/Times-CES-Virg\u00ednia-Ferreira-127x127.jpg 127w, https:\/\/times.ces.uc.pt\/wp-content\/uploads\/Times-CES-Virg\u00ednia-Ferreira-125x125.jpg 125w, https:\/\/times.ces.uc.pt\/wp-content\/uploads\/Times-CES-Virg\u00ednia-Ferreira.jpg 400w\" sizes=\"(max-width: 150px) 100vw, 150px\" \/>Doutorada em Sociologia pela Universidade de Coimbra; Professora Associada (aposentada) da Faculdade de Economia da Universidade de Coimbra (FEUC); Investigadora Permanente do CES. Recorrendo, sobretudo, a m\u00e9todos de pesquisa qualitativa, mas tamb\u00e9m quantitativa, tem dado especial aten\u00e7\u00e3o \u00e0 feminiza\u00e7\u00e3o das profiss\u00f5es, \u00e0s transforma\u00e7\u00f5es nos padr\u00f5es de segrega\u00e7\u00e3o sexual do emprego, em geral, e \u00e0 evolu\u00e7\u00e3o das pol\u00edticas p\u00fablicas de promo\u00e7\u00e3o da igualdade de mulheres e homens.<\/p>\n<p>\u00c9 membro fundadora da Associa\u00e7\u00e3o Portuguesa de Estudos Sobre as Mulheres, diretora da revista semestral ex \u00e6quo. \u00c9 membro da European Commission Expert Group on Gender and Employment. A sua obra publicada inclui artigos e ensaios em revistas e em colet\u00e2neas nacionais e internacionais.<\/p>\n<p><a href=\"https:\/\/www.ces.uc.pt\/pt\/ces\/pessoas\/investigadoras-es\/virginia-ferreira\">CV Completo<\/a>\u00a0 \u00a0|\u00a0\u00a0<a href=\"https:\/\/www.researchgate.net\/profile\/Virginia_Ferreira\/contributions\">Research Gate<\/a><\/p>\n<p><strong>Michela Giovannini (Investigadora em p\u00f3s-douramento,\u00a0, 11\/11\/2019-31\/5\/2021)<br \/>\n<\/strong><\/p>\n<p><img decoding=\"async\" loading=\"lazy\" class=\"size-full wp-image-593 alignleft\" src=\"https:\/\/times.ces.uc.pt\/wp-content\/uploads\/Michela.jpeg\" alt=\"\" width=\"150\" height=\"111\" \/>Michela Giovannini \u00e9 graduada em Ci\u00eancias Pol\u00edticas pela Universidade de Padua e doutora em Desenvolvimento Local pela Universidade de Trento (Italia). Foi Marie Sklodowska Curie fellow no N\u00facleo de Estudos sobre Pol\u00edticas Sociais, Trabalho e Desigualdades (POSTRADE) do CES, bem como do Grupo de Estudos sobre Economia Solid\u00e1ria (ECOSOL). Os seus interesses de investiga\u00e7\u00e3o centram-se nas \u00e1reas da economia social e solidaria na America Latina, sobretudo em contextos ind\u00edgenas e de exclus\u00e3o social, e na Europa. O seu projecto de investiga\u00e7\u00e3o individual Marie Sklodowska Curie AGORA pesquisa as rela\u00e7\u00f5es entre movimentos sociais e organiza\u00e7\u00f5es da economia solidaria na Espanha e no Portugal para investigar a dimens\u00e3o pol\u00edtica da economia solidaria.<\/p>\n<p><a href=\"https:\/\/ces.uc.pt\/pt\/ces\/pessoas\/investigadoras-es\/michela-giovannini\">CV Completo<\/a><\/p>\n<p><strong>Pedro Fidalgo (Investigador j\u00fanior, 01\/12\/2019 \u2013 30\/11\/2021)<br \/>\n<\/strong><\/p>\n<p><img decoding=\"async\" loading=\"lazy\" class=\"alignleft wp-image-592 size-thumbnail\" src=\"https:\/\/times.ces.uc.pt\/wp-content\/uploads\/Pedro-150x150.jpg\" alt=\"\" width=\"150\" height=\"150\" srcset=\"https:\/\/times.ces.uc.pt\/wp-content\/uploads\/Pedro-150x150.jpg 150w, https:\/\/times.ces.uc.pt\/wp-content\/uploads\/Pedro-70x70.jpg 70w, https:\/\/times.ces.uc.pt\/wp-content\/uploads\/Pedro-127x127.jpg 127w, https:\/\/times.ces.uc.pt\/wp-content\/uploads\/Pedro-476x476.jpg 476w, https:\/\/times.ces.uc.pt\/wp-content\/uploads\/Pedro-125x125.jpg 125w\" sizes=\"(max-width: 150px) 100vw, 150px\" \/>Pedro Fidalgo \u00e9 investigador j\u00fanior do Centro de Estudos Sociais licenciado em Sociologia pela Faculdade de Economia da Universidade de Coimbra (2019) e mestrando em Rela\u00e7\u00f5es Internacionais \u2013 Estudos da Paz, Seguran\u00e7a e Desenvolvimento na FEUC. Foi distinguido como o melhor aluno da licenciatura em sociologia do ano letivo de 2018\/2019 e vencedor do pr\u00e9mio FEUC Exemplar 1\u00ba ciclo no mesmo ano. Os seus interesses incluem estudos Queer, direitos e viol\u00eancias LGBTQIA+, pol\u00edtica e rela\u00e7\u00f5es internacionais, economia e empresas sociais.<\/p>\n<p>&nbsp;<\/p>\n<p><a id=\"marthenyssens\"><\/a><strong>Marthe Nyssens (consultora)<\/strong><\/p>\n<p><img decoding=\"async\" loading=\"lazy\" class=\"alignleft wp-image-196 size-thumbnail\" src=\"https:\/\/times.ces.uc.pt\/wp-content\/uploads\/Marthe-Nyssens1-150x150.jpg\" alt=\"\" width=\"150\" height=\"150\" srcset=\"https:\/\/times.ces.uc.pt\/wp-content\/uploads\/Marthe-Nyssens1-150x150.jpg 150w, https:\/\/times.ces.uc.pt\/wp-content\/uploads\/Marthe-Nyssens1-300x300.jpg 300w, https:\/\/times.ces.uc.pt\/wp-content\/uploads\/Marthe-Nyssens1-70x70.jpg 70w, https:\/\/times.ces.uc.pt\/wp-content\/uploads\/Marthe-Nyssens1-127x127.jpg 127w, https:\/\/times.ces.uc.pt\/wp-content\/uploads\/Marthe-Nyssens1-125x125.jpg 125w, https:\/\/times.ces.uc.pt\/wp-content\/uploads\/Marthe-Nyssens1.jpg 350w\" sizes=\"(max-width: 150px) 100vw, 150px\" \/>Marthe Nyssens \u00e9 professora Catedr\u00e1tica do Departamento de Economia da Universidade Cat\u00f3lica de Louvain, B\u00e9lgica, onde preside ao centro de investiga\u00e7\u00e3o \u2018Centre de Recherches Interdisciplinaires Travail, Etat, Soci\u00e9t\u00e9 (CIRTES) e \u00e9 membro fundador da EMES &#8211; International Research Network. \u00c9 doutorada em economia pela Universidade de Louvain e mestre em economia pela Universidade de Calif\u00f3rnia em San Diego. O seu trabalho cient\u00edfico foca abordagens conceptuais do terceiro sector, em pa\u00edses desenvolvidos e em vias de desenvolvimento (Africa Ocidental e Am\u00e9rica Latina), as rela\u00e7\u00f5es entre estas organiza\u00e7\u00f5es e as pol\u00edticas p\u00fablicas. O seu trabalho recente foca a emerg\u00eancia de diferentes modelos de empresa social numa perspetiva comparativa internacional, assim como o papel das empresas sociais no \u00e2mbito da integra\u00e7\u00e3o laboral e dos cuidados sociais. Para al\u00e9m de in\u00fameros artigos publicados em revistas cientificas e cap\u00edtulos de livros, Marthe Nyssens publicou, em colabora\u00e7\u00e3o com outros autores, diversos livros sobre Empresas Sociais.<\/p>\n<p><a href=\"https:\/\/uclouvain.be\/fr\/repertoires\/marthe.nyssens\">Perfil<\/a><\/p>\n<p><strong>Joana Almeida (Investigadora em p\u00f3s-douramento, , 1\/7\/2018-30\/9\/2019)<br \/>\n<\/strong><\/p>\n<p><strong><img decoding=\"async\" loading=\"lazy\" class=\"alignleft wp-image-190 size-thumbnail\" src=\"https:\/\/times.ces.uc.pt\/wp-content\/uploads\/Times-CES-Joana-Almeida-150x150.jpg\" alt=\"\" width=\"150\" height=\"150\" srcset=\"https:\/\/times.ces.uc.pt\/wp-content\/uploads\/Times-CES-Joana-Almeida-150x150.jpg 150w, https:\/\/times.ces.uc.pt\/wp-content\/uploads\/Times-CES-Joana-Almeida-300x300.jpg 300w, https:\/\/times.ces.uc.pt\/wp-content\/uploads\/Times-CES-Joana-Almeida-70x70.jpg 70w, https:\/\/times.ces.uc.pt\/wp-content\/uploads\/Times-CES-Joana-Almeida-127x127.jpg 127w, https:\/\/times.ces.uc.pt\/wp-content\/uploads\/Times-CES-Joana-Almeida-125x125.jpg 125w, https:\/\/times.ces.uc.pt\/wp-content\/uploads\/Times-CES-Joana-Almeida.jpg 400w\" sizes=\"(max-width: 150px) 100vw, 150px\" \/><\/strong>Joana Almeida \u00e9 licenciada em Servi\u00e7o Social, mestre em Interven\u00e7\u00e3o Social, Inova\u00e7\u00e3o e Empreendedorismo e doutorada em Sociologia: Rela\u00e7\u00f5es de Trabalho, Desigualdades Sociais e Sindicalismo pela Universidade de Coimbra. Investigadora do CEIS20. Atualmente desenvolve investiga\u00e7\u00e3o na \u00e1rea da educa\u00e7\u00e3o no \u00e2mbito da Provedoria do Estudante da Universidade de Coimbra. Foi investigadora em p\u00f3s-douramento no projeto TIMES.<\/p>\n<p>&nbsp;<\/p>\n<p>&nbsp;<\/p>\n<p><strong>Luara Maranh\u00e3o (Investigadora j\u00fanior, 1\/11\/2018-30\/9\/2019)<br \/>\n<\/strong><\/p>\n<p><strong><img decoding=\"async\" loading=\"lazy\" class=\"alignleft wp-image-442 size-thumbnail\" src=\"https:\/\/times.ces.uc.pt\/wp-content\/uploads\/foto_luara_bio2-150x150.jpg\" alt=\"\" width=\"150\" height=\"150\" srcset=\"https:\/\/times.ces.uc.pt\/wp-content\/uploads\/foto_luara_bio2-150x150.jpg 150w, https:\/\/times.ces.uc.pt\/wp-content\/uploads\/foto_luara_bio2-300x300.jpg 300w, https:\/\/times.ces.uc.pt\/wp-content\/uploads\/foto_luara_bio2-70x70.jpg 70w, https:\/\/times.ces.uc.pt\/wp-content\/uploads\/foto_luara_bio2-127x127.jpg 127w, https:\/\/times.ces.uc.pt\/wp-content\/uploads\/foto_luara_bio2-125x125.jpg 125w, https:\/\/times.ces.uc.pt\/wp-content\/uploads\/foto_luara_bio2.jpg 400w\" sizes=\"(max-width: 150px) 100vw, 150px\" \/><\/strong>Luara Maranh\u00e3o \u00e9 licenciada em Comunica\u00e7\u00e3o Social pela Escola de Comunica\u00e7\u00e3o e Artes da Universidade de S\u00e3o Paulo (ECA-USP) e mestre em Interven\u00e7\u00e3o Social, Inova\u00e7\u00e3o e Empreendedorismo pela Faculdade de Economia da Universidade de Coimbra (FEUC). Colaborou no estudo de caso portugu\u00eas do projeto <em>Social enterprises and their ecosystems in Europe<\/em>, coordenado em Portugal por S\u00edlvia Ferreira, e internacionalmente pela EURICSE, e financiado pela Comiss\u00e3o Europeia.<\/p>\n<p>&nbsp;<\/p>\n<p><strong>Ricardo Oliveira Ferreira (Est\u00e1gio de Ver\u00e3o &#8211; Maio-Julho 2019)<\/strong><\/p>\n<p><img decoding=\"async\" loading=\"lazy\" class=\"size-full wp-image-764 alignleft\" src=\"https:\/\/times.ces.uc.pt\/wp-content\/uploads\/IMG_20190718_154028-750x500-2.jpg\" alt=\"\" width=\"115\" height=\"135\" \/><\/p>\n<p>Ricardo Oliveira Ferreira fez um est\u00e1gio de Ver\u00e3o da Universidade de Coimbra, enquanto estudante da Licenciatura em Sociologia da Faculdade de Economia da Universidade de Coimbra.<\/p>\n","protected":false},"excerpt":{"rendered":"<p>A equipa do projeto \u00e9 multidisciplinar, abrangendo a sociologia, o direito, a economia e a gest\u00e3o e tem investigado nos campos do terceiro sector, economia social, cooperativismo, gest\u00e3o e qualidade no terceiro sector, welfare mix, inova\u00e7\u00e3o empreendedorismo social, direito cooperativo, empresas sociais, inova\u00e7\u00e3o e desenvolvimento territorial. S\u00edlvia Ferreira (Investigadora Principal) S\u00edlvia Ferreira \u00e9 doutorada em [&hellip;]<\/p>\n","protected":false},"author":1,"featured_media":0,"parent":0,"menu_order":3,"comment_status":"closed","ping_status":"closed","template":"","meta":{"footnotes":""},"_links":{"self":[{"href":"https:\/\/times.ces.uc.pt\/index.php?rest_route=\/wp\/v2\/pages\/67"}],"collection":[{"href":"https:\/\/times.ces.uc.pt\/index.php?rest_route=\/wp\/v2\/pages"}],"about":[{"href":"https:\/\/times.ces.uc.pt\/index.php?rest_route=\/wp\/v2\/types\/page"}],"author":[{"embeddable":true,"href":"https:\/\/times.ces.uc.pt\/index.php?rest_route=\/wp\/v2\/users\/1"}],"replies":[{"embeddable":true,"href":"https:\/\/times.ces.uc.pt\/index.php?rest_route=%2Fwp%2Fv2%2Fcomments&post=67"}],"version-history":[{"count":26,"href":"https:\/\/times.ces.uc.pt\/index.php?rest_route=\/wp\/v2\/pages\/67\/revisions"}],"predecessor-version":[{"id":588,"href":"https:\/\/times.ces.uc.pt\/index.php?rest_route=\/wp\/v2\/pages\/67\/revisions\/588"}],"wp:attachment":[{"href":"https:\/\/times.ces.uc.pt\/index.php?rest_route=%2Fwp%2Fv2%2Fmedia&parent=67"}],"curies":[{"name":"wp","href":"https:\/\/api.w.org\/{rel}","templated":true}]}}